{"id":9,"date":"2015-04-05T21:57:01","date_gmt":"2015-04-05T19:57:01","guid":{"rendered":"http:\/\/www.goldrecycling.com\/npm\/?page_id=9"},"modified":"2015-04-08T15:38:22","modified_gmt":"2015-04-08T13:38:22","slug":"kopvillkor","status":"publish","type":"page","link":"https:\/\/www.goldrecycling.com\/npm\/kopvillkor\/","title":{"rendered":"K\u00f6pinformation"},"content":{"rendered":"<p><strong>Allm\u00e4nt<\/strong><br \/>\nF\u00f6ljande villkor g\u00e4ller f\u00f6r produkter tillhandah\u00e5llna av Svensk Dental\u00e5tervinning AB, om annat inte s\u00e4rskilt \u00f6verenskommits skriftligt mellan oss och er som kund. F\u00f6rs\u00e4ljning via webbutiken sig i f\u00f6rsta hand till f\u00f6retagskunder.<br \/>\nVid f\u00f6rs\u00e4ljning till konsument till\u00e4mpar vi de regler som f\u00f6ljer av till\u00e4mplig lagstiftning.<\/p>\n<p><strong>Priser<\/strong><br \/>\nAlla priser p\u00e5 goldrecycling.com \u00e4r exklusive moms, andra skatter samt fraktkostnader (l\u00e4s mer under\u201dFraktkostnader\u201d), om inget annat anges.<br \/>\nVi f\u00f6rbeh\u00e5ller oss r\u00e4tten att innan angiven leveransdag justera angivna priser, under f\u00f6ruts\u00e4ttning att du som kund d\u00e4rvid meddelas.<\/p>\n<p><strong>Best\u00e4llning<\/strong><br \/>\nBest\u00e4ller g\u00f6r ni enkelt i webbshopen. Det g\u00e5r ocks\u00e5 bra att skicka ett mail p\u00e5 office@npmab.com eller att ringa in er best\u00e4llning p\u00e5 031-72 72 206 mellan klockan 9-12.<\/p>\n<p><strong>Betalningsinformation\u00a0<\/strong><br \/>\nI samband med leverans skickar vi en faktura som ni betalar p\u00e5 30 dagar. Vid st\u00f6rre best\u00e4llningar samt best\u00e4llning fr\u00e5n privatpersoner till\u00e4mpas portf\u00f6rskott.<\/p>\n<p><strong>Transportalternativ<\/strong><br \/>\nVi anv\u00e4nder oss av posten och skickar er f\u00f6rs\u00e4ndelse rekommenderat eller\u00a0vanligt brev om inte annat \u00f6verenskommits med er.\u00a0Ni kan alltid sj\u00e4lva h\u00e4mta er best\u00e4llning p\u00e5 v\u00e5rt kontor. Adress G\u00f6teborgsv\u00e4gen 89, 431 30 M\u00f6lndal tider efter \u00f6verenskommelse.<\/p>\n<p><strong>Fraktkostnader<\/strong><br \/>\nVi debiterar er f\u00f6r frakt och emballage.<\/p>\n<p><strong>Leveransf\u00f6rsening<\/strong><br \/>\nVid best\u00e4llningsvaror eller varor som tillf\u00e4lligt \u00e4r slut i lagret kontaktar vi er med en ber\u00e4knad leveranstid. Vi kommer \u00e4ven meddela er om er f\u00f6rs\u00e4ndelse skulle bli ytterligare f\u00f6rsenad.<\/p>\n<p><strong>Leverans av flera produkter<\/strong><br \/>\nVi f\u00f6rs\u00f6ker alltid att leverera er best\u00e4llning i en leverans. Om det skulle vara s\u00e5 att n\u00e5gon enstaka vara \u00e4r slut i lager kommer vi att skicka \u00f6vriga varor i en f\u00f6rsta f\u00f6rs\u00e4ndelse och skicka resten av orden vid senare tillf\u00e4lle.<\/p>\n<p><strong>\u00c5ngerr\u00e4tt\/retur<\/strong><br \/>\nEnligt g\u00e4llande lagstiftning. Vi tar i normalfallet ej emot returer p\u00e5 best\u00e4llningsvaror. \u00d6nskar ni retunera en vara kontakta oss s\u00e5 skall vi f\u00f6rs\u00f6ka l\u00f6sa det p\u00e5 b\u00e4sta s\u00e4tt f\u00f6r er.<\/p>\n<p><strong>Garanti och reklamation<\/strong><br \/>\nEnligt g\u00e4llande lagstiftning.<\/p>\n<p><strong>Ansvarsbegr\u00e4nsning<\/strong><br \/>\nSkulle skadest\u00e5ndsansvar eller ers\u00e4ttningsskyldighet uppst\u00e5 f\u00f6r oss enligt f\u00f6revarande allm\u00e4nna villkor skall, s\u00e5vida inte upps\u00e5t eller grov v\u00e5rdsl\u00f6shet f\u00f6religger, ansvaret vara begr\u00e4nsat till ett sammanlagt belopp motsvarande k\u00f6peskillingen f\u00f6r den eller de produkter varp\u00e5 skadest\u00e5ndsskyldigheten grundar sig.<br \/>\nV\u00e5rt ansvar omfattar endast direkta f\u00f6rluster. V\u00e5rt ansvar omfattar s\u00e5ledes inte indirekta f\u00f6rluster, s\u00e5som f\u00f6rlust i n\u00e4ringsverksamhet eller kundens f\u00f6rlust av data, och ej heller skador som vi inte sk\u00e4ligen kunde f\u00f6rv\u00e4ntas ha r\u00e4knat med vid avtalets tr\u00e4ffande och vars f\u00f6ljder han inte heller sk\u00e4ligen kunde ha undvikit eller \u00f6vervunnit.<\/p>\n<p><strong>Skiljedom<\/strong><br \/>\nTvister ang\u00e5ende tolkningen eller till\u00e4mpningen av dessa allm\u00e4nna villkor och d\u00e4rmed sammanh\u00e5llande r\u00e4ttsf\u00f6rh\u00e5llanden skall avg\u00f6ras av skiljem\u00e4n enligt svensk lag. Om vid tvist v\u00e4rdet av vad som yrkas uppenbart inte \u00f6verstiger tio g\u00e5nger det vid tiden f\u00f6r p\u00e5kallande av skiljef\u00f6rfarande g\u00e4llande basbelopp enligt lagen (1962:381) om allm\u00e4n f\u00f6rs\u00e4kring skall tvisten avg\u00f6ras av ensamskiljeman som p\u00e5 parts beg\u00e4ran utses av Stockholms Handelskammare.<\/p>\n","protected":false},"excerpt":{"rendered":"<p>Allm\u00e4nt F\u00f6ljande villkor g\u00e4ller f\u00f6r produkter tillhandah\u00e5llna av Svensk Dental\u00e5tervinning AB, om annat inte s\u00e4rskilt \u00f6verenskommits skriftligt mellan oss och er som kund. F\u00f6rs\u00e4ljning via webbutiken sig i f\u00f6rsta hand till f\u00f6retagskunder. Vid f\u00f6rs\u00e4ljning till konsument till\u00e4mpar vi de regler som f\u00f6ljer av till\u00e4mplig lagstiftning. Priser Alla priser p\u00e5 goldrecycling.com \u00e4r exklusive moms, andra skatter [&hellip;]<\/p>\n","protected":false},"author":1,"featured_media":0,"parent":0,"menu_order":0,"comment_status":"closed","ping_status":"open","template":"","meta":{"_acf_changed":false,"footnotes":""},"class_list":["post-9","page","type-page","status-publish","hentry"],"acf":[],"_links":{"self":[{"href":"https:\/\/www.goldrecycling.com\/npm\/wp-json\/wp\/v2\/pages\/9"}],"collection":[{"href":"https:\/\/www.goldrecycling.com\/npm\/wp-json\/wp\/v2\/pages"}],"about":[{"href":"https:\/\/www.goldrecycling.com\/npm\/wp-json\/wp\/v2\/types\/page"}],"author":[{"embeddable":true,"href":"https:\/\/www.goldrecycling.com\/npm\/wp-json\/wp\/v2\/users\/1"}],"replies":[{"embeddable":true,"href":"https:\/\/www.goldrecycling.com\/npm\/wp-json\/wp\/v2\/comments?post=9"}],"version-history":[{"count":5,"href":"https:\/\/www.goldrecycling.com\/npm\/wp-json\/wp\/v2\/pages\/9\/revisions"}],"predecessor-version":[{"id":1329,"href":"https:\/\/www.goldrecycling.com\/npm\/wp-json\/wp\/v2\/pages\/9\/revisions\/1329"}],"wp:attachment":[{"href":"https:\/\/www.goldrecycling.com\/npm\/wp-json\/wp\/v2\/media?parent=9"}],"curies":[{"name":"wp","href":"https:\/\/api.w.org\/{rel}","templated":true}]}}