{"id":1259,"date":"2015-04-07T16:05:35","date_gmt":"2015-04-07T14:05:35","guid":{"rendered":"http:\/\/www.goldrecycling.com\/npm\/?page_id=1259"},"modified":"2015-04-15T11:24:40","modified_gmt":"2015-04-15T09:24:40","slug":"plat-plans-trad-ror-och-lod","status":"publish","type":"page","link":"https:\/\/www.goldrecycling.com\/npm\/plat-plans-trad-ror-och-lod\/","title":{"rendered":"Pl\u00e5t, plans, tr\u00e5d, r\u00f6r och lod"},"content":{"rendered":"<p>Vi erbjuder pl\u00e5t, plans, tr\u00e5d, r\u00f6r och lod i nedan dimmenssioner. Skicka ett mail eller ring in er best\u00e4llning.<\/p>\n<table class=\"table nobordered\">\n<tbody>\n<tr>\n<td>\n<h4>Plans<\/h4>\n<\/td>\n<td><\/td>\n<td><\/td>\n<\/tr>\n<tr>\n<td><strong>R\u00f6dguld<\/strong><\/td>\n<td>3,0 &#8211; 8,0 mm<\/td>\n<td><\/td>\n<\/tr>\n<tr>\n<td><strong>Vitguld<\/strong><\/td>\n<td>3,0 &#8211; 8,0mm<\/td>\n<td><\/td>\n<\/tr>\n<tr>\n<td><strong>Silver<\/strong><\/td>\n<td>3,0-8,0mm<\/td>\n<td><\/td>\n<\/tr>\n<tr>\n<td><\/td>\n<td><\/td>\n<td><\/td>\n<\/tr>\n<tr>\n<td>\n<h4>Pl\u00e5t<\/h4>\n<\/td>\n<td><\/td>\n<td><\/td>\n<\/tr>\n<tr>\n<td><strong>R\u00f6dguld<\/strong><\/td>\n<td>0,4 &#8211; 4,0mm<\/td>\n<td><\/td>\n<\/tr>\n<tr>\n<td><strong>Vitguld<\/strong><\/td>\n<td>0,4 &#8211; 4,0mm<\/td>\n<td><\/td>\n<\/tr>\n<tr>\n<td><strong>Silver<\/strong><\/td>\n<td>0,3-6,0mm<\/td>\n<td><\/td>\n<\/tr>\n<tr>\n<td><\/td>\n<td><\/td>\n<td><\/td>\n<\/tr>\n<tr>\n<td>\n<h4>Tr\u00e5d rund<\/h4>\n<\/td>\n<td><\/td>\n<td><\/td>\n<\/tr>\n<tr>\n<td><strong>R\u00f6dguld<\/strong><\/td>\n<td>0,2 &#8211; 4,0mm<\/td>\n<td><\/td>\n<\/tr>\n<tr>\n<td><strong>Vitguld<\/strong><\/td>\n<td>0,2 &#8211; 4,0mm<\/td>\n<td><\/td>\n<\/tr>\n<tr>\n<td><strong>Silver<\/strong><\/td>\n<td>0,2 &#8211; 5,0mm<\/td>\n<td><\/td>\n<\/tr>\n<tr>\n<td><\/td>\n<td><\/td>\n<td><\/td>\n<\/tr>\n<tr>\n<td>\n<h4>Tr\u00e5d 4-kant<\/h4>\n<\/td>\n<td><\/td>\n<td><\/td>\n<\/tr>\n<tr>\n<td><strong>R\u00f6dguld<\/strong><\/td>\n<td>0,3 &#8211; 4,0mm<\/td>\n<td><\/td>\n<\/tr>\n<tr>\n<td><strong>Vitguld<\/strong><\/td>\n<td>0,3 &#8211; 4,0mm<\/td>\n<td><\/td>\n<\/tr>\n<tr>\n<td><strong>Silver<\/strong><\/td>\n<td>0,5 &#8211; 6,0mm<\/td>\n<td><\/td>\n<\/tr>\n<tr>\n<td><\/td>\n<td><\/td>\n<td><\/td>\n<\/tr>\n<tr>\n<td colspan=\"3\">Vi erbjuder \u00e4ven tr\u00e5d i finmetaller och platina. Kontakta oss f\u00f6r mer information.<\/td>\n<\/tr>\n<tr>\n<td><\/td>\n<td><\/td>\n<td><\/td>\n<\/tr>\n<tr>\n<td colspan=\"2\">\n<h4>R\u00f6r (runt och 4-kant)<\/h4>\n<\/td>\n<td><\/td>\n<\/tr>\n<tr>\n<td><strong>R\u00f6dguld<\/strong><\/td>\n<td>1,0 &#8211; 8,0mm<\/td>\n<td><\/td>\n<\/tr>\n<tr>\n<td><strong>Vitguld<\/strong><\/td>\n<td>1,0 &#8211; 8,0mm<\/td>\n<td><\/td>\n<\/tr>\n<tr>\n<td><strong>Silver<\/strong><\/td>\n<td>1,0 &#8211; 8,0mm<\/td>\n<td><\/td>\n<\/tr>\n<tr>\n<td><\/td>\n<td><\/td>\n<td><\/td>\n<\/tr>\n<tr>\n<td colspan=\"2\">\n<h4>Lod &#8211; finns i vekt, mellan och h\u00e5rt<\/h4>\n<\/td>\n<td><\/td>\n<\/tr>\n<tr>\n<td><\/td>\n<td><strong>Pl\u00e5t<\/strong><\/td>\n<td><strong>Tr\u00e5d<\/strong><\/td>\n<\/tr>\n<tr>\n<td><strong>R\u00f6dguld<\/strong><\/td>\n<td>0,3mm<\/td>\n<td>0,5mm<\/td>\n<\/tr>\n<tr>\n<td><strong>Vitguld<\/strong><\/td>\n<td>0,3mm<\/td>\n<td><\/td>\n<\/tr>\n<tr>\n<td><strong>Solsken<\/strong><\/td>\n<td>0,3mm<\/td>\n<td>0,5mm<\/td>\n<\/tr>\n<tr>\n<td><strong>Silver<\/strong><\/td>\n<td>0,3mm<\/td>\n<td>0,5mm<\/td>\n<\/tr>\n<tr>\n<td><\/td>\n<td><\/td>\n<td><\/td>\n<\/tr>\n<tr>\n<td colspan=\"2\">Vi s\u00e4ljer \u00e4ven st\u00e5lslaglod i stickor<\/td>\n<td><\/td>\n<\/tr>\n<\/tbody>\n<\/table>\n","protected":false},"excerpt":{"rendered":"<p>Vi erbjuder pl\u00e5t, plans, tr\u00e5d, r\u00f6r och lod i nedan dimmenssioner. Skicka ett mail eller ring in er best\u00e4llning. Plans R\u00f6dguld 3,0 &#8211; 8,0 mm Vitguld 3,0 &#8211; 8,0mm Silver 3,0-8,0mm Pl\u00e5t R\u00f6dguld 0,4 &#8211; 4,0mm Vitguld 0,4 &#8211; 4,0mm Silver 0,3-6,0mm Tr\u00e5d rund R\u00f6dguld 0,2 &#8211; 4,0mm Vitguld 0,2 &#8211; 4,0mm Silver 0,2 &#8211; [&hellip;]<\/p>\n","protected":false},"author":1,"featured_media":0,"parent":0,"menu_order":0,"comment_status":"closed","ping_status":"open","template":"","meta":{"_acf_changed":false,"footnotes":""},"class_list":["post-1259","page","type-page","status-publish","hentry"],"acf":[],"_links":{"self":[{"href":"https:\/\/www.goldrecycling.com\/npm\/wp-json\/wp\/v2\/pages\/1259"}],"collection":[{"href":"https:\/\/www.goldrecycling.com\/npm\/wp-json\/wp\/v2\/pages"}],"about":[{"href":"https:\/\/www.goldrecycling.com\/npm\/wp-json\/wp\/v2\/types\/page"}],"author":[{"embeddable":true,"href":"https:\/\/www.goldrecycling.com\/npm\/wp-json\/wp\/v2\/users\/1"}],"replies":[{"embeddable":true,"href":"https:\/\/www.goldrecycling.com\/npm\/wp-json\/wp\/v2\/comments?post=1259"}],"version-history":[{"count":5,"href":"https:\/\/www.goldrecycling.com\/npm\/wp-json\/wp\/v2\/pages\/1259\/revisions"}],"predecessor-version":[{"id":1340,"href":"https:\/\/www.goldrecycling.com\/npm\/wp-json\/wp\/v2\/pages\/1259\/revisions\/1340"}],"wp:attachment":[{"href":"https:\/\/www.goldrecycling.com\/npm\/wp-json\/wp\/v2\/media?parent=1259"}],"curies":[{"name":"wp","href":"https:\/\/api.w.org\/{rel}","templated":true}]}}