{"id":20,"date":"2015-04-05T13:10:10","date_gmt":"2015-04-05T11:10:10","guid":{"rendered":"http:\/\/www.goldrecycling.com\/euroguld\/?page_id=20"},"modified":"2021-12-16T14:05:11","modified_gmt":"2021-12-16T13:05:11","slug":"kontakta-oss-garna","status":"publish","type":"page","link":"https:\/\/www.goldrecycling.com\/euroguld\/kontakta-oss-garna\/","title":{"rendered":"Kontakt"},"content":{"rendered":"<h1>Kontakta oss om att k\u00f6pa och s\u00e4lja guld<\/h1>\n<p>F\u00f6r att best\u00e4lla p\u00e5se eller f\u00e5 mer information kontakta oss g\u00e4rna!<\/p>\n<h3>Euro Guld<\/h3>\n<p><strong>Adress<\/strong><\/p>\n<p>Travgatan 6<br \/>\n431 62 M\u00f6lndal<\/p>\n<p><strong>Telefon:<\/strong><\/p>\n<p>031-7272205<\/p>\n<p><strong>Fax:<\/strong><\/p>\n<p>031-7272328<\/p>\n<p><strong>Epost:<\/strong><\/p>\n<p>info@euroguld.com<\/p>\n","protected":false},"excerpt":{"rendered":"<p>Kontakta oss om att k\u00f6pa och s\u00e4lja guld F\u00f6r att best\u00e4lla p\u00e5se eller f\u00e5 mer information kontakta oss g\u00e4rna! Euro Guld Adress Travgatan 6 431 62 M\u00f6lndal Telefon: 031-7272205 Fax: 031-7272328 Epost: info@euroguld.com<\/p>\n","protected":false},"author":1,"featured_media":0,"parent":0,"menu_order":0,"comment_status":"open","ping_status":"open","template":"","meta":{"_acf_changed":false,"footnotes":""},"class_list":["post-20","page","type-page","status-publish","hentry"],"acf":[],"_links":{"self":[{"href":"https:\/\/www.goldrecycling.com\/euroguld\/wp-json\/wp\/v2\/pages\/20"}],"collection":[{"href":"https:\/\/www.goldrecycling.com\/euroguld\/wp-json\/wp\/v2\/pages"}],"about":[{"href":"https:\/\/www.goldrecycling.com\/euroguld\/wp-json\/wp\/v2\/types\/page"}],"author":[{"embeddable":true,"href":"https:\/\/www.goldrecycling.com\/euroguld\/wp-json\/wp\/v2\/users\/1"}],"replies":[{"embeddable":true,"href":"https:\/\/www.goldrecycling.com\/euroguld\/wp-json\/wp\/v2\/comments?post=20"}],"version-history":[{"count":6,"href":"https:\/\/www.goldrecycling.com\/euroguld\/wp-json\/wp\/v2\/pages\/20\/revisions"}],"predecessor-version":[{"id":944,"href":"https:\/\/www.goldrecycling.com\/euroguld\/wp-json\/wp\/v2\/pages\/20\/revisions\/944"}],"wp:attachment":[{"href":"https:\/\/www.goldrecycling.com\/euroguld\/wp-json\/wp\/v2\/media?parent=20"}],"curies":[{"name":"wp","href":"https:\/\/api.w.org\/{rel}","templated":true}]}}