{"id":18,"date":"2015-04-05T13:09:14","date_gmt":"2015-04-05T11:09:14","guid":{"rendered":"http:\/\/www.goldrecycling.com\/euroguld\/?page_id=18"},"modified":"2016-03-29T15:37:21","modified_gmt":"2016-03-29T13:37:21","slug":"om-euroguld","status":"publish","type":"page","link":"https:\/\/www.goldrecycling.com\/euroguld\/om-euroguld\/","title":{"rendered":"Om EuroGuld"},"content":{"rendered":"<h1>EuroGuld &#8211; n\u00e4r du vill s\u00e4lja och k\u00f6pa guld!<\/h1>\n<p>F\u00f6retaget startades 2002 som ett dotterbolag till Svensk Dental\u00e5tervinning AB. Idag \u00e4r EuroGuld en del av Svensk Dental\u00e5tervinning AB som har \u00e5tervunnit guldskrot fr\u00e5n patienter, tandl\u00e4kare och dental-laboratorium sedan 1982.<\/p>\n<p>EuroGuld startades f\u00f6r att erbjuda \u00e4ven privatmarknaden r\u00e4tt ers\u00e4ttning f\u00f6r sitt guld och silver. Idag kan konsumenter erh\u00e5lla v\u00e5ra transportp\u00e5sar direkt fr\u00e5n oss eller som patient f\u00e5 dem direkt fr\u00e5n tandl\u00e4karen f\u00f6r att sj\u00e4lv skicka in guldet f\u00f6r \u00e5tervinning och ers\u00e4ttning.<\/p>\n<p>Vi \u00e4r en skrothandlare och kallar allts\u00e5 allt guld som ni s\u00e4ljer f\u00f6r skrotguld. Det inneb\u00e4r att allt guld som vi k\u00f6per sm\u00e4lter vi ner och renar s\u00e5 att det blir till nytt guld. D\u00e4rf\u00f6r spelar det inte n\u00e5gon roll f\u00f6r oss om smycken som ni s\u00e4ljer \u00e4r trasiga eller hela \u2013 ni f\u00e5r \u00e4nd\u00e5 betalt lika mycket. Ert guld hamnar inte p\u00e5 andrahandsmarknaden utan det blir en del av guldets kretslopp och \u00e5tervinns till nytt guld som anv\u00e4nds till bland annat tillverkning av nya smycken.<\/p>\n<h3>H\u00f6ga dagspriser<\/h3>\n<p>Euroguld betalar tack vare sin smidiga hantering h\u00f6gt dagspris f\u00f6r skrotguld. Vi t\u00e5l att j\u00e4mf\u00f6ras!. Vi beh\u00f6ver inte h\u00e5lla oss med butikspersonal och cityhyror f\u00f6r att \u00e5tervinna ditt v\u00e4rdefulla skrot.<\/p>\n<h3>Tj\u00e4na pengar p\u00e5 ditt skrot<\/h3>\n<ul>\n<li>Dentalskrot<\/li>\n<li>Slip<\/li>\n<li>Smycken<\/li>\n<\/ul>\n","protected":false},"excerpt":{"rendered":"<p>EuroGuld &#8211; n\u00e4r du vill s\u00e4lja och k\u00f6pa guld! F\u00f6retaget startades 2002 som ett dotterbolag till Svensk Dental\u00e5tervinning AB. Idag \u00e4r EuroGuld en del av Svensk Dental\u00e5tervinning AB som har \u00e5tervunnit guldskrot fr\u00e5n patienter, tandl\u00e4kare och dental-laboratorium sedan 1982. EuroGuld startades f\u00f6r att erbjuda \u00e4ven privatmarknaden r\u00e4tt ers\u00e4ttning f\u00f6r sitt guld och silver. Idag kan [&hellip;]<\/p>\n","protected":false},"author":1,"featured_media":0,"parent":0,"menu_order":0,"comment_status":"open","ping_status":"open","template":"","meta":{"_acf_changed":false,"footnotes":""},"class_list":["post-18","page","type-page","status-publish","hentry"],"acf":[],"_links":{"self":[{"href":"https:\/\/www.goldrecycling.com\/euroguld\/wp-json\/wp\/v2\/pages\/18"}],"collection":[{"href":"https:\/\/www.goldrecycling.com\/euroguld\/wp-json\/wp\/v2\/pages"}],"about":[{"href":"https:\/\/www.goldrecycling.com\/euroguld\/wp-json\/wp\/v2\/types\/page"}],"author":[{"embeddable":true,"href":"https:\/\/www.goldrecycling.com\/euroguld\/wp-json\/wp\/v2\/users\/1"}],"replies":[{"embeddable":true,"href":"https:\/\/www.goldrecycling.com\/euroguld\/wp-json\/wp\/v2\/comments?post=18"}],"version-history":[{"count":6,"href":"https:\/\/www.goldrecycling.com\/euroguld\/wp-json\/wp\/v2\/pages\/18\/revisions"}],"predecessor-version":[{"id":205,"href":"https:\/\/www.goldrecycling.com\/euroguld\/wp-json\/wp\/v2\/pages\/18\/revisions\/205"}],"wp:attachment":[{"href":"https:\/\/www.goldrecycling.com\/euroguld\/wp-json\/wp\/v2\/media?parent=18"}],"curies":[{"name":"wp","href":"https:\/\/api.w.org\/{rel}","templated":true}]}}